f 85038?
False
Is 4185 a multiple of 27?
True
Is 2304 a multiple of 11?
False
Is 15 a factor of 8880?
True
Is 2868 a multiple of 22?
False
Does 14 divide 738?
False
Does 110 divide 770?
True
Does 7 divide 1309?
True
Is 485 a multiple of 26?
False
Does 267 divide 5874?
True
Is 1118 a multiple of 26?
True
Is 866 a multiple of 55?
False
Does 2 divide 39?
False
Does 13 divide 208?
True
Is 34 a factor of 612?
True
Does 147 divide 19110?
True
Does 114 divide 52212?
True
Is 175 a factor of 57636?
False
Does 13 divide 1504?
False
Is 11268 a multiple of 9?
True
Is 6297 a multiple of 52?
False
Does 5 divide 7295?
True
Is 74 a factor of 3771?
False
Does 85 divide 1903?
False
Is 24 a factor of 25536?
True
Is 33 a factor of 411?
False
Does 22 divide 726?
True
Is 6 a factor of 542?
False
Does 23 divide 16951?
True
Does 129 divide 1497?
False
Does 30 divide 7497?
False
Does 55 divide 2090?
True
Is 56 a factor of 54544?
True
Does 28 divide 23518?
False
Does 22 divide 1452?
True
Does 65 divide 1365?
True
Is 328 a multiple of 4?
True
Does 14 divide 32376?
False
Is 5808 a multiple of 88?
True
Does 2 divide 13?
False
Does 23 divide 138738?
False
Is 14552 a multiple of 34?
True
Is 449 a multiple of 36?
False
Is 3826 even?
True
Is 105 a factor of 4095?
True
Does 19 divide 437?
True
Is 31552 a multiple of 109?
False
Does 30 divide 1584?
False
Does 62 divide 13826?
True
Does 15 divide 1515?
True
Does 51 divide 938?
False
Is 11 a factor of 899?
False
Is 3 a factor of 76?
False
Is 31 a factor of 36226?
False
Does 19 divide 5470?
False
Is 2 a factor of 102?
True
Does 53 divide 2073?
False
Does 7 divide 5783?
False
Is 76 a multiple of 56?
False
Does 13 divide 117?
True
Is 14337 a multiple of 59?
True
Is 9129 a multiple of 19?
False
Is 2400 a multiple of 50?
True
Is 20 a factor of 39006?
False
Is 62608 a multiple of 13?
True
Is 262 a factor of 262?
True
Is 2249 a multiple of 96?
False
Does 120 divide 40440?
True
Is 3336 a multiple of 12?
True
Is 9 a factor of 639?
True
Is 2 a factor of 206?
True
Does 40 divide 39334?
False
Does 178 divide 15460?
False
Is 6 a factor of 282?
True
Is 23243 a multiple of 247?
False
Is 40 a factor of 449?
False
Does 18 divide 5145?
False
Is 46 a factor of 2668?
True
Is 49 a factor of 23422?
True
Does 199 divide 8819?
False
Does 29 divide 2842?
True
Does 7 divide 87?
False
Is 8 a factor of 720?
True
Does 27 divide 27594?
True
Does 9 divide 41443?
False
Is 50 a factor of 3275?
False
Does 239 divide 78870?
True
Is 41065 a multiple of 5?
True
Is 454 a multiple of 6?
False
Is 6391 a multiple of 9?
False
Is 29 a factor of 319?
True
Does 62 divide 186?
True
Is 19 a factor of 632?
False
Is 24 a factor of 610?
False
Is 256 a multiple of 32?
True
Is 12101 a multiple of 11?
False
Is 26811 a multiple of 15?
False
Is 259 a factor of 51023?
True
Does 6 divide 30?
True
Is 38609 a multiple of 18?
False
Is 9 a factor of 2218?
False
Does 77 divide 2618?
True
Is 56 a factor of 16268?
False
Is 2958 a multiple of 3?
True
Does 31 divide 229?
False
Is 4520 a multiple of 52?
False
Is 8 a factor of 6160?
True
Is 13 a factor of 299?
True
Is 6 a factor of 996?
True
Does 20 divide 11376?
False
Is 95354 a multiple of 278?
True
Is 30198 a multiple of 21?
True
Is 13 a factor of 4838?
False
Is 5880 a multiple of 12?
True
Is 8 a factor of 1232?
True
Is 14 a factor of 1862?
True
Is 2710 a multiple of 65?
False
Does 2 divide 151?
False
Is 52 a factor of 2288?
True
Is 70 a factor of 1190?
True
Is 67 a factor of 25788?
False
Is 754 a multiple of 18?
False
Is 568 a multiple of 43?
False
Is 30 a factor of 11988?
False
Does 5 divide 614?
False
Is 187 a multiple of 17?
True
Is 5 a factor of 3380?
True
Is 4 a factor of 14820?
True
Is 1922 a multiple of 62?
True
Does 46 divide 1271?
False
Is 4092 a multiple of 132?
True
Is 611 a multiple of 42?
False
Is 19 a factor of 13164?
False
Is 44 a factor of 10296?
True
Is 11205 a multiple of 45?
True
Is 23 a factor of 50646?
True
Does 2 divide 259?
False
Is 9 a factor of 1622?
False
Does 19 divide 266?
True
Does 92 divide 736?
True
Is 224 a multiple of 30?
False
Does 37 divide 1517?
True
Is 2 a factor of 1164?
True
Is 1440 a multiple of 24?
True
Is 58 a factor of 2262?
True
Is 13 a factor of 247?
True
Is 3734 a multiple of 85?
False
Is 404 a multiple of 3?
False
Is 5 a factor of 8854?
False
Does 13 divide 14377?
False
Is 1450 a multiple of 58?
True
Is 27650 a multiple of 10?
True
Is 49 a factor of 1907?
False
Is 32469 a multiple of 58?
False
Is 23 a factor of 479?
False
Is 35066 a multiple of 22?
False
Is 381 a multiple of 8?
False
Is 71 a multiple of 3?
False
Is 215 a multiple of 5?
True
Does 14 divide 939?
False
Does 21 divide 197?
False
Is 2 a factor of 10413?
False
Does 23 divide 2367?
False
Is 429 a factor of 117975?
True
Does 22 divide 440?
True
Is 18 a factor of 12598?
False
Is 21 a factor of 11823?
True
Does 25 divide 7050?
True
Is 69 a factor of 828?
True
Is 4368 a multiple of 91?
True
Is 240 a multiple of 68?
False
Does 4 divide 9407?
False
Does 8 divide 8?
True
Is 119 a factor of 3526?
False
Is 26 a factor of 40717?
False
Is 12 a factor of 15331?
False
Is 249 a multiple of 9?
False
Is 16 a factor of 3664?
True
Is 209 a factor of 69056?
False
Is 3829 a multiple of 35?
False
Is 43 a factor of 66130?
False
Is 40 a factor of 10560?
True
Is 18 a factor of 4469?
False
Does 33 divide 7491?
True
Does 7 divide 389?
False
Does 54 divide 2828?
False
Does 32 divide 17226?
False
Does 11 divide 8008?
True
Is 5223 a multiple of 21?
False
Is 138 a factor of 828?
True
Is 4185 a multiple of 9?
True
Is 7 a factor of 1204?
True
Is 2 a factor of 808?
True
Is 3034 a multiple of 74?
True
Is 28005 a multiple of 148?
False
Is 50 a multiple of 3?
False
Is 2947 a multiple of 66?
False
Is 98 a factor of 936?
False
Does 65 divide 26325?
True
Is 19 a factor of 896?
False
Does 36 divide 1476?
True
Is 38 a factor of 1254?
True
Is 33232 a multiple of 8?
True
Does 91 divide 2446?
False
Does 26 divide 7540?
True
Is 53 a factor of 530?
True
Does 53 divide 7497?
False
Is 63 a factor of 5733?
True
Is 7866 a multiple of 207?
True
Is 15 a factor of 17805?
True
Is 1520 a multiple of 20?
True
Is 5108 a multiple of 25?
False
Does 13 divide 8186?
False
Does 23 divide 503?
False
Is 20355 a multiple of 60?
False
Is 21 a factor of 47073?
False
Does 19 divide 8527?
False
Is 46 a factor of 1006?
False
Does 18 divide 33552?
True
Is 7 a factor of 112?
True
Is 4060 a multiple of 35?
True
Is 9 a factor of 3493?
False
Does 25 divide 40575?
True
Is 29 a factor of 1535?
False
Does 15 divide 105904?
False
Is 12380 a multiple of 10?
True
Is 71 a factor of 13419?
True
Is 544 a multiple of 34?
True
Is 3 a factor of 4972?
False
Is 560 a multiple of 56?
True
Does 67 divide 22692?
False
Is 4555 a multiple of 21?
False
Is 572 a multiple of 30?
False
Does 11 divide 59212?
False
Does 46 divide 736?
True
Does 3 divide 660?
True
Is 66 a factor of 1215?
False
Is 328 a multiple of 16?
False
Is 137 a factor of 26753?
False
Is 6 a multiple of 3?
True
Is 75 a factor of 10836?
False
Is 266 a multiple of 7?
True
Is 22 a factor of 22154?
True
Is 8 a factor of 5518?
False
Does 4 divide 85?
False
Does 175 divide 18550?
True
Does 2 divide 66?
True
Is 583 a multiple of 16?
False
Does 5 divide 365?
True
Is 28 a factor of 124?
False
Does 30 divide 818?
False
Is 6 a factor of 1194?
True
Is 7 a factor of 2674?
True
Is 7724 a multiple of 40?
False
Is 1647 a multiple of 27?
True
Is 9 a factor of 136?
False
Does 76 divide 37428?
False
Is 76646 a multiple of 14?
False
Is 7 a factor of 13844?
False
Is 11 a factor of 3471?
False
Is 68 a factor of 20264?
True
Is 90 a factor of 1451?
False
Is 273 a factor of 16107?
True
Is 11 a factor of 198?
True
Does 60 divide 5340?
True
Does 16 divide 1708?
False
Is 15 a factor of 435?
True
Is 103 a multiple of 4?
False
Is 12 a factor of 33108?
True
Does 4 divide 130?
False
Is 9760 a multiple of 74?
False
Does 61 divide 35563?
True
Is 37 a factor of 11529?
False
Does 12 divide 758?
False
Is 31088 a multiple of 232?
True
Does 14 divide 378?
True
Is 30315 a multiple of 47?
True
Is 2447 a multiple of 21?
False
Is 71854 a multiple of 14?
False
Does 161 divide 3381?
True
Does 5 divide 45?
True
Is 14 a factor of 143?
False
Is 6386 a multiple of 206?
True
Is 34 a factor of 73202?
True
Is 1